{"id":1263,"date":"2022-06-19T19:43:04","date_gmt":"2022-06-19T17:43:04","guid":{"rendered":"https:\/\/regardsdugrandparis.fr\/louvrage-regards-du-grand-paris\/"},"modified":"2022-06-29T10:10:37","modified_gmt":"2022-06-29T08:10:37","slug":"louvrage-regards-du-grand-paris","status":"publish","type":"page","link":"https:\/\/regardsdugrandparis.fr\/en\/louvrage-regards-du-grand-paris\/","title":{"rendered":"The book: Regards du Grand Paris"},"content":{"rendered":"\n<p><strong>The restitution of a bold photographic commission<\/strong><\/p>\n\n\n\n<p>Arouse sensitive, multiple and offbeat gazes on a territory in full transformation, invite artists to tell their story and their perception of the changes in Greater Paris: this is the ambition of the national commission Regards du Grand Paris. Carried out by the Ateliers M\u00e9dicis and the Centre national des arts plastiques (Cnap), this commission was inspired by the DATAR, which entrusted photographers with the mission of representing the French landscape of the 1980s. Six photographers a year, for ten years, feed the new urban and social representations of the Paris metropolis. Halfway through the commission, this work brings together, in a first volume, the thirty-five projects carried out in five years, which he exhibits according to various methods developed in collaboration with the artists.<\/p>\n\n\n\n<figure class=\"wp-block-image size-large\"><img loading=\"lazy\" decoding=\"async\" width=\"1024\" height=\"576\" src=\"https:\/\/regardsdugrandparis.fr\/wp-content\/uploads\/2022\/06\/Unknown-1024x576.jpeg\" alt=\"\" class=\"wp-image-1049\" srcset=\"https:\/\/regardsdugrandparis.fr\/wp-content\/uploads\/2022\/06\/Unknown-1024x576.jpeg 1024w, https:\/\/regardsdugrandparis.fr\/wp-content\/uploads\/2022\/06\/Unknown-300x169.jpeg 300w, https:\/\/regardsdugrandparis.fr\/wp-content\/uploads\/2022\/06\/Unknown-768x432.jpeg 768w, https:\/\/regardsdugrandparis.fr\/wp-content\/uploads\/2022\/06\/Unknown-400x225.jpeg 400w, https:\/\/regardsdugrandparis.fr\/wp-content\/uploads\/2022\/06\/Unknown-800x450.jpeg 800w, https:\/\/regardsdugrandparis.fr\/wp-content\/uploads\/2022\/06\/Unknown.jpeg 1280w\" sizes=\"auto, (max-width: 1024px) 100vw, 1024px\" \/><figcaption>Regards du Grand Paris \u2013 Coedition Textuel, Cnap, Ateliers M\u00e9dicis<\/figcaption><\/figure>\n\n\n\n<p>Aurore Bagarry follows the paths of the water in the Paris basin and identifies the traces left by the ancient oceans, Rapha\u00ebl Dallaporta flies over Greater Paris from the top of the control and telecommunications towers, Karim Kal, for his part, photographs the landscapes abandoned along the RER D, Lucie Jean shares the last leisure moments of bathers in a lake destined to become a site for the Olympic Games, Marion Poussier goes to meet the people who &#8220;inhabit&#8221; the quays of the Canal Saint-Denis, Anne- Lise Seusse, meanwhile, follows the movement of objects in the wake of biffins\u2026<\/p>\n\n\n\n<p>In her texts, Magali Nachtergael brings her unique perspective to each of the projects. Anne de Mondenard&#8217;s introductory contribution places Regards du Grand Paris in the history of public photographic commissions. Also invited to contribute to this work, in the form of a carte blanche, Romain Bertrand, Meriem Chabani, Emanuele Coccia, Kaoutar Harchi as well as Fr\u00e9d\u00e9rique A\u00eft-Touati, Alexandra Ar\u00e8nes and Axelle Gr\u00e9goire.<\/p>\n\n\n\n<p>With the works of Camille Ayme, Julie Balagu\u00e9, Aurore Bagarry, Sylvain Couzinet-Jacques, Rapha\u00ebl Dallaporta, Hannah Darabi et Beno\u00eet Grimbert, Gabriel Desplanque, Mathias Depardon et Guillaume Perrier, Alassan Diawara, Patrizia Di Fiore, Sylvain Gouraud, Julien Guinand, Gilberto G\u00fciza-Rojas, Lucie Jean, Karim Kal, Mana Kikuta, Assia Labbas, Lucas Leglise, Geoffroy Mathieu, Olivier Menanteau, Francis Morandini, Baudouin Mouanda, Khalil Nemmaoui, Marion Poussier, Marie Qu\u00e9au, Maxence Rifflet, Sandra Rocha, Po Sim Sambath, Luise Schr\u00f6der, Alexandra Serrano et Simon Pochet, Anne-Lise Seusse, Bertrand Stofleth, Zhao Sun, Chenxin Tang, Rebecca Topakian.<\/p>\n\n\n\n<p>The graphic design of the book was produced by Agn\u00e8s Dahan Studio. The cover photo is by Alassan Diawara.<\/p>\n\n\n\n<hr class=\"wp-block-separator has-alpha-channel-opacity\"\/>\n\n\n\n<p><strong>REGARDS DU GRAND PARIS<br>Commande photographique nationale 2016-2021<\/strong><\/p>\n\n\n\n<ul class=\"wp-block-list\"><li>Coedition Textuel, Centre national des arts plastiques and Ateliers M\u00e9dicis with the support of ADAGP<\/li><li>21,5 x 29 cm, 272 pages, 45 \u20ac<\/li><li>ISBN : 2845979010<\/li><li>Available from 15 juin 2022<\/li><\/ul>\n","protected":false},"excerpt":{"rendered":"<p>The restitution of a bold photographic commission Arouse sensitive, multiple and offbeat gazes on a territory in full transformation, invite artists to tell their story and their perception of the changes in Greater Paris: this is the ambition of the national commission Regards du Grand Paris. Carried out by the Ateliers M\u00e9dicis and the Centre [&hellip;]<\/p>\n","protected":false},"author":3,"featured_media":0,"parent":0,"menu_order":0,"comment_status":"closed","ping_status":"closed","template":"","meta":{"footnotes":""},"class_list":["post-1263","page","type-page","status-publish","hentry","missing-thumbnail"],"yoast_head":"<!-- This site is optimized with the Yoast SEO plugin v22.0 - https:\/\/yoast.com\/wordpress\/plugins\/seo\/ -->\n<title>The book: Regards du Grand Paris &#8212; Regards du Grand Paris<\/title>\n<meta name=\"description\" content=\"La restitution d\u2019une commande photographique audacieuse.\" \/>\n<meta name=\"robots\" content=\"index, follow, max-snippet:-1, max-image-preview:large, max-video-preview:-1\" \/>\n<link rel=\"canonical\" href=\"https:\/\/regardsdugrandparis.fr\/en\/louvrage-regards-du-grand-paris\/\" \/>\n<meta property=\"og:locale\" content=\"en_US\" \/>\n<meta property=\"og:type\" content=\"article\" \/>\n<meta property=\"og:title\" content=\"The book: Regards du Grand Paris &#8212; Regards du Grand Paris\" \/>\n<meta property=\"og:description\" content=\"La restitution d\u2019une commande photographique audacieuse.\" \/>\n<meta property=\"og:url\" content=\"https:\/\/regardsdugrandparis.fr\/en\/louvrage-regards-du-grand-paris\/\" \/>\n<meta property=\"og:site_name\" content=\"Regards du Grand Paris\" \/>\n<meta property=\"article:modified_time\" content=\"2022-06-29T08:10:37+00:00\" \/>\n<meta property=\"og:image\" content=\"https:\/\/regardsdugrandparis.fr\/wp-content\/uploads\/2022\/06\/Unknown-1024x576.jpeg\" \/>\n<meta name=\"twitter:card\" content=\"summary_large_image\" \/>\n<script type=\"application\/ld+json\" class=\"yoast-schema-graph\">{\"@context\":\"https:\/\/schema.org\",\"@graph\":[{\"@type\":\"WebPage\",\"@id\":\"https:\/\/regardsdugrandparis.fr\/en\/louvrage-regards-du-grand-paris\/\",\"url\":\"https:\/\/regardsdugrandparis.fr\/en\/louvrage-regards-du-grand-paris\/\",\"name\":\"The book: Regards du Grand Paris &#8212; Regards du Grand Paris\",\"isPartOf\":{\"@id\":\"https:\/\/regardsdugrandparis.fr\/en\/#website\"},\"datePublished\":\"2022-06-19T17:43:04+00:00\",\"dateModified\":\"2022-06-29T08:10:37+00:00\",\"description\":\"La restitution d\u2019une commande photographique audacieuse.\",\"breadcrumb\":{\"@id\":\"https:\/\/regardsdugrandparis.fr\/en\/louvrage-regards-du-grand-paris\/#breadcrumb\"},\"inLanguage\":\"en-US\",\"potentialAction\":[{\"@type\":\"ReadAction\",\"target\":[\"https:\/\/regardsdugrandparis.fr\/en\/louvrage-regards-du-grand-paris\/\"]}]},{\"@type\":\"BreadcrumbList\",\"@id\":\"https:\/\/regardsdugrandparis.fr\/en\/louvrage-regards-du-grand-paris\/#breadcrumb\",\"itemListElement\":[{\"@type\":\"ListItem\",\"position\":1,\"name\":\"Accueil\",\"item\":\"https:\/\/regardsdugrandparis.fr\/en\/home\/\"},{\"@type\":\"ListItem\",\"position\":2,\"name\":\"The book: Regards du Grand Paris\"}]},{\"@type\":\"WebSite\",\"@id\":\"https:\/\/regardsdugrandparis.fr\/en\/#website\",\"url\":\"https:\/\/regardsdugrandparis.fr\/en\/\",\"name\":\"Regards du Grand Paris\",\"description\":\"Du 24 juin au 23 octobre 2022\",\"potentialAction\":[{\"@type\":\"SearchAction\",\"target\":{\"@type\":\"EntryPoint\",\"urlTemplate\":\"https:\/\/regardsdugrandparis.fr\/en\/?s={search_term_string}\"},\"query-input\":\"required name=search_term_string\"}],\"inLanguage\":\"en-US\"}]}<\/script>\n<!-- \/ Yoast SEO plugin. -->","yoast_head_json":{"title":"The book: Regards du Grand Paris &#8212; Regards du Grand Paris","description":"La restitution d\u2019une commande photographique audacieuse.","robots":{"index":"index","follow":"follow","max-snippet":"max-snippet:-1","max-image-preview":"max-image-preview:large","max-video-preview":"max-video-preview:-1"},"canonical":"https:\/\/regardsdugrandparis.fr\/en\/louvrage-regards-du-grand-paris\/","og_locale":"en_US","og_type":"article","og_title":"The book: Regards du Grand Paris &#8212; Regards du Grand Paris","og_description":"La restitution d\u2019une commande photographique audacieuse.","og_url":"https:\/\/regardsdugrandparis.fr\/en\/louvrage-regards-du-grand-paris\/","og_site_name":"Regards du Grand Paris","article_modified_time":"2022-06-29T08:10:37+00:00","og_image":[{"url":"https:\/\/regardsdugrandparis.fr\/wp-content\/uploads\/2022\/06\/Unknown-1024x576.jpeg"}],"twitter_card":"summary_large_image","schema":{"@context":"https:\/\/schema.org","@graph":[{"@type":"WebPage","@id":"https:\/\/regardsdugrandparis.fr\/en\/louvrage-regards-du-grand-paris\/","url":"https:\/\/regardsdugrandparis.fr\/en\/louvrage-regards-du-grand-paris\/","name":"The book: Regards du Grand Paris &#8212; Regards du Grand Paris","isPartOf":{"@id":"https:\/\/regardsdugrandparis.fr\/en\/#website"},"datePublished":"2022-06-19T17:43:04+00:00","dateModified":"2022-06-29T08:10:37+00:00","description":"La restitution d\u2019une commande photographique audacieuse.","breadcrumb":{"@id":"https:\/\/regardsdugrandparis.fr\/en\/louvrage-regards-du-grand-paris\/#breadcrumb"},"inLanguage":"en-US","potentialAction":[{"@type":"ReadAction","target":["https:\/\/regardsdugrandparis.fr\/en\/louvrage-regards-du-grand-paris\/"]}]},{"@type":"BreadcrumbList","@id":"https:\/\/regardsdugrandparis.fr\/en\/louvrage-regards-du-grand-paris\/#breadcrumb","itemListElement":[{"@type":"ListItem","position":1,"name":"Accueil","item":"https:\/\/regardsdugrandparis.fr\/en\/home\/"},{"@type":"ListItem","position":2,"name":"The book: Regards du Grand Paris"}]},{"@type":"WebSite","@id":"https:\/\/regardsdugrandparis.fr\/en\/#website","url":"https:\/\/regardsdugrandparis.fr\/en\/","name":"Regards du Grand Paris","description":"Du 24 juin au 23 octobre 2022","potentialAction":[{"@type":"SearchAction","target":{"@type":"EntryPoint","urlTemplate":"https:\/\/regardsdugrandparis.fr\/en\/?s={search_term_string}"},"query-input":"required name=search_term_string"}],"inLanguage":"en-US"}]}},"_links":{"self":[{"href":"https:\/\/regardsdugrandparis.fr\/en\/wp-json\/wp\/v2\/pages\/1263","targetHints":{"allow":["GET"]}}],"collection":[{"href":"https:\/\/regardsdugrandparis.fr\/en\/wp-json\/wp\/v2\/pages"}],"about":[{"href":"https:\/\/regardsdugrandparis.fr\/en\/wp-json\/wp\/v2\/types\/page"}],"author":[{"embeddable":true,"href":"https:\/\/regardsdugrandparis.fr\/en\/wp-json\/wp\/v2\/users\/3"}],"replies":[{"embeddable":true,"href":"https:\/\/regardsdugrandparis.fr\/en\/wp-json\/wp\/v2\/comments?post=1263"}],"version-history":[{"count":1,"href":"https:\/\/regardsdugrandparis.fr\/en\/wp-json\/wp\/v2\/pages\/1263\/revisions"}],"predecessor-version":[{"id":1265,"href":"https:\/\/regardsdugrandparis.fr\/en\/wp-json\/wp\/v2\/pages\/1263\/revisions\/1265"}],"wp:attachment":[{"href":"https:\/\/regardsdugrandparis.fr\/en\/wp-json\/wp\/v2\/media?parent=1263"}],"curies":[{"name":"wp","href":"https:\/\/api.w.org\/{rel}","templated":true}]}}

<p><strong>The restitution of a bold photographic commission</strong></p>



<p>Arouse sensitive, multiple and offbeat gazes on a territory in full transformation, invite artists to tell their story and their perception of the changes in Greater Paris: this is the ambition of the national commission Regards du Grand Paris. Carried out by the Ateliers Médicis and the Centre national des arts plastiques (Cnap), this commission was inspired by the DATAR, which entrusted photographers with the mission of representing the French landscape of the 1980s. Six photographers a year, for ten years, feed the new urban and social representations of the Paris metropolis. Halfway through the commission, this work brings together, in a first volume, the thirty-five projects carried out in five years, which he exhibits according to various methods developed in collaboration with the artists.</p>



<figure class="wp-block-image size-large"><img loading="lazy" decoding="async" width="1024" height="576" src="https://regardsdugrandparis.fr/wp-content/uploads/2022/06/Unknown-1024x576.jpeg" alt="" class="wp-image-1049" srcset="https://regardsdugrandparis.fr/wp-content/uploads/2022/06/Unknown-1024x576.jpeg 1024w, https://regardsdugrandparis.fr/wp-content/uploads/2022/06/Unknown-300x169.jpeg 300w, https://regardsdugrandparis.fr/wp-content/uploads/2022/06/Unknown-768x432.jpeg 768w, https://regardsdugrandparis.fr/wp-content/uploads/2022/06/Unknown-400x225.jpeg 400w, https://regardsdugrandparis.fr/wp-content/uploads/2022/06/Unknown-800x450.jpeg 800w, https://regardsdugrandparis.fr/wp-content/uploads/2022/06/Unknown.jpeg 1280w" sizes="auto, (max-width: 1024px) 100vw, 1024px" /><figcaption>Regards du Grand Paris – Coedition Textuel, Cnap, Ateliers Médicis</figcaption></figure>



<p>Aurore Bagarry follows the paths of the water in the Paris basin and identifies the traces left by the ancient oceans, Raphaël Dallaporta flies over Greater Paris from the top of the control and telecommunications towers, Karim Kal, for his part, photographs the landscapes abandoned along the RER D, Lucie Jean shares the last leisure moments of bathers in a lake destined to become a site for the Olympic Games, Marion Poussier goes to meet the people who &#8220;inhabit&#8221; the quays of the Canal Saint-Denis, Anne- Lise Seusse, meanwhile, follows the movement of objects in the wake of biffins…</p>



<p>In her texts, Magali Nachtergael brings her unique perspective to each of the projects. Anne de Mondenard&#8217;s introductory contribution places Regards du Grand Paris in the history of public photographic commissions. Also invited to contribute to this work, in the form of a carte blanche, Romain Bertrand, Meriem Chabani, Emanuele Coccia, Kaoutar Harchi as well as Frédérique Aït-Touati, Alexandra Arènes and Axelle Grégoire.</p>



<p>With the works of Camille Ayme, Julie Balagué, Aurore Bagarry, Sylvain Couzinet-Jacques, Raphaël Dallaporta, Hannah Darabi et Benoît Grimbert, Gabriel Desplanque, Mathias Depardon et Guillaume Perrier, Alassan Diawara, Patrizia Di Fiore, Sylvain Gouraud, Julien Guinand, Gilberto Güiza-Rojas, Lucie Jean, Karim Kal, Mana Kikuta, Assia Labbas, Lucas Leglise, Geoffroy Mathieu, Olivier Menanteau, Francis Morandini, Baudouin Mouanda, Khalil Nemmaoui, Marion Poussier, Marie Quéau, Maxence Rifflet, Sandra Rocha, Po Sim Sambath, Luise Schröder, Alexandra Serrano et Simon Pochet, Anne-Lise Seusse, Bertrand Stofleth, Zhao Sun, Chenxin Tang, Rebecca Topakian.</p>



<p>The graphic design of the book was produced by Agnès Dahan Studio. The cover photo is by Alassan Diawara.</p>



<hr class="wp-block-separator has-alpha-channel-opacity"/>



<p><strong>REGARDS DU GRAND PARIS<br>Commande photographique nationale 2016-2021</strong></p>



<ul class="wp-block-list"><li>Coedition Textuel, Centre national des arts plastiques and Ateliers Médicis with the support of ADAGP</li><li>21,5 x 29 cm, 272 pages, 45 €</li><li>ISBN : 2845979010</li><li>Available from 15 juin 2022</li></ul>

<p>The restitution of a bold photographic commission Arouse sensitive, multiple and offbeat gazes on a territory in full transformation, invite artists to tell their story and their perception of the changes in Greater Paris: this is the ambition of the national commission Regards du Grand Paris. Carried out by the Ateliers Médicis and the Centre [&hellip;]</p>
